at is the units digit of 1155472984?
4
What is the hundreds digit of 510282930?
9
What is the hundred millions digit of 158575635?
1
What is the hundreds digit of 967584402?
4
What is the ten millions digit of 202521679?
0
What is the units digit of 441351525?
5
What is the ten millions digit of 2382857147?
8
What is the hundred thousands digit of 15864409?
8
What is the hundred thousands digit of 804924?
8
What is the units digit of 119798356?
6
What is the thousands digit of 59552251?
2
What is the hundreds digit of 8909546229?
2
What is the thousands digit of 344624433?
4
What is the units digit of 732528776?
6
What is the hundred millions digit of 155233733?
1
What is the hundreds digit of 293139534?
5
What is the hundred thousands digit of 6104201?
1
What is the millions digit of 360320283?
0
What is the ten thousands digit of 3707557413?
5
What is the hundreds digit of 58580096?
0
What is the millions digit of 1732593943?
2
What is the thousands digit of 51583157?
3
What is the tens digit of 1184038464?
6
What is the hundred thousands digit of 228817087?
8
What is the hundreds digit of 158712987?
9
What is the hundred millions digit of 589110162?
5
What is the millions digit of 771725013?
1
What is the ten millions digit of 95517291?
9
What is the tens digit of 15437348?
4
What is the ten thousands digit of 236820694?
2
What is the tens digit of 60134091?
9
What is the hundred millions digit of 613866648?
6
What is the millions digit of 4716062462?
6
What is the ten millions digit of 50954587?
5
What is the hundred thousands digit of 1204696281?
6
What is the ten thousands digit of 3030633111?
3
What is the hundred millions digit of 126029144?
1
What is the tens digit of 452134590?
9
What is the ten thousands digit of 80800233?
0
What is the ten millions digit of 5116121291?
1
What is the billions digit of 3507117818?
3
What is the thousands digit of 75997972?
7
What is the millions digit of 129297349?
9
What is the hundreds digit of 290682165?
1
What is the thousands digit of 1257938277?
8
What is the tens digit of 94791627?
2
What is the units digit of 1959749346?
6
What is the ten millions digit of 3879416454?
7
What is the tens digit of 340500256?
5
What is the tens digit of 92690675?
7
What is the ten thousands digit of 2508385?
0
What is the millions digit of 60016566?
0
What is the ten thousands digit of 11156257?
5
What is the ten thousands digit of 61435331?
3
What is the hundred thousands digit of 630301193?
3
What is the hundred millions digit of 3691603055?
6
What is the thousands digit of 137668070?
8
What is the units digit of 54487059?
9
What is the ten thousands digit of 1255682426?
8
What is the millions digit of 262275515?
2
What is the ten millions digit of 747353584?
4
What is the units digit of 4714806471?
1
What is the hundred thousands digit of 2943580?
9
What is the units digit of 5298071805?
5
What is the hundreds digit of 99993313?
3
What is the units digit of 102772602?
2
What is the ten thousands digit of 795721715?
2
What is the millions digit of 16276534?
6
What is the thousands digit of 32579328?
9
What is the units digit of 4320509?
9
What is the tens digit of 1638810065?
6
What is the millions digit of 45338582?
5
What is the hundred thousands digit of 104590336?
5
What is the tens digit of 123300098?
9
What is the hundred thousands digit of 188090857?
0
What is the thousands digit of 11453446?
3
What is the millions digit of 105454536?
5
What is the ten thousands digit of 2084717557?
1
What is the tens digit of 647526475?
7
What is the hundred millions digit of 2144946748?
1
What is the ten thousands digit of 2709529548?
2
What is the millions digit of 2603668367?
3
What is the hundred thousands digit of 1010436496?
4
What is the ten thousands digit of 649013375?
1
What is the thousands digit of 724527235?
7
What is the hundreds digit of 201458330?
3
What is the hundreds digit of 1752910050?
0
What is the millions digit of 78002785?
8
What is the billions digit of 3411210261?
3
What is the tens digit of 14999244?
4
What is the thousands digit of 28801605?
1
What is the billions digit of 2958748375?
2
What is the thousands digit of 77591779?
1
What is the hundreds digit of 28583139?
1
What is the millions digit of 1427189126?
7
What is the hundreds digit of 1090447527?
5
What is the hundreds digit of 6714935?
9
What is the hundreds digit of 654096321?
3
What is the thousands digit of 228346782?
6
What is the hundred millions digit of 106789954?
1
What is the hundred thousands digit of 4527315932?
3
What is the tens digit of 651328657?
5
What is the tens digit of 6416690994?
9
What is the thousands digit of 530177089?
7
What is the ten thousands digit of 255530293?
3
What is the millions digit of 1218095058?
8
What is the tens digit of 5067884884?
8
What is the hundred thousands digit of 4697615075?
6
What is the hundreds digit of 2862558311?
3
What is the millions digit of 17424221?
7
What is the billions digit of 1262947524?
1
What is the ten thousands digit of 9081641?
8
What is the hundred millions digit of 309791088?
3
What is the ten thousands digit of 70756797?
5
What is the ten millions digit of 281539194?
8
What is the tens digit of 1483355730?
3
What is the ten millions digit of 131743458?
3
What is the ten millions digit of 435559318?
3
What is the billions digit of 6297292956?
6
What is the thousands digit of 93740746?
0
What is the ten millions digit of 2115706736?
1
What is the hundreds digit of 128594237?
2
What is the hundred thousands digit of 2976289632?
2
What is the thousands digit of 46473584?
3
What is the ten millions digit of 23352553?
2
What is the hundred millions digit of 3277110203?
2
What is the hundred millions digit of 436264578?
4
What is the thousands digit of 215059022?
9
What is the hundred millions digit of 154896944?
1
What is the thousands digit of 359703586?
3
What is the thousands digit of 83995209?
5
What is the hundred millions digit of 1638577088?
6
What is the hundred millions digit of 255600340?
2
What is the units digit of 2491013194?
4
What is the ten millions digit of 732882221?
3
What is the millions digit of 62381742?
2
What is the ten millions digit of 125867475?
2
What is the hundred thousands digit of 32523277?
5
What is the ten millions digit of 78100479?
7
What is the millions digit of 78728776?
8
What is the ten thousands digit of 97282918?
8
What is the hundred thousands digit of 34691983?
6
What is the millions digit of 605112464?
5
What is the tens digit of 132083023?
2
What is the ten thousands digit of 110429535?
2
What is the hundreds digit of 20587520?
5
What is the units digit of 905581067?
7
What is the millions digit of 44289322?
4
What is the units digit of 386791520?
0
What is the units digit of 3040959184?
4
What is the units digit of 101959719?
9
What is the billions digit of 1908198439?
1
What is the hundred millions digit of 218552405?
2
What is the millions digit of 246111556?
6
What is the ten thousands digit of 3003174?
0
What is the units digit of 63394986?
6
What is the millions digit of 1367749073?
7
What is the tens digit of 3894742864?
6
What is the hundreds digit of 8847476?
4
What is the tens digit of 22013016?
1
What is the hundreds digit of 94678483?
4
What is the hundred thousands digit of 1321447362?
4
What is the units digit of 396655048?
8
What is the tens digit of 2100280113?
1
What is the ten millions digit of 211557648?
1
What is the hundred thousands digit of 40216863?
2
What is the units digit of 1018068406?
6
What is the hundred thousands digit of 118048214?
0
What is the units digit of 381786012?
2
What is the ten millions digit of 42227274?
4
What is the billions digit of 4840804201?
4
What is the hundreds digit of 901151324?
3
What is the ten thousands digit of 157617841?
1
What is the units digit of 133129702?
2
What is the tens digit of 5837558?
5
What is the units digit of 6225800?
0
What is the millions digit of 83583002?
3
What is the tens digit of 157041504?
0
What is the ten millions digit of 179238746?
7
What is the thousands digit of 1791470472?
0
What is the millions digit of 935716934?
5
What is the tens digit of 231125252?
5
What is the millions digit of 25045572?
5
What is the units digit of 1